10000000011101010?
-10000000100010001
In base 6, what is 3 - -1120340?
1120343
In base 11, what is -338 - 208?
-545
In base 2, what is 10000000101000011011000 - -100?
10000000101000011011100
In base 11, what is 5 - -28386?
28390
In base 15, what is -3b - -3e4?
3a8
In base 14, what is -cb01 + -2?
-cb03
In base 9, what is -225 - -20607?
20372
In base 3, what is 10 + -1001022012210?
-1001022012200
In base 16, what is 4 + 19?
1d
In base 16, what is 377c - 4?
3778
In base 4, what is -12010 + 12310?
300
In base 10, what is -1375 + 3580?
2205
In base 10, what is 21606 + -2?
21604
In base 7, what is 112 - -436?
551
In base 7, what is -513 - 2115?
-2631
In base 16, what is 5 + 6739?
673e
In base 6, what is 434445 - 4?
434441
In base 7, what is -11225 + -241?
-11466
In base 14, what is 135768 + 1?
135769
In base 9, what is -648634 + 5?
-648628
In base 6, what is 1 + -5052?
-5051
In base 12, what is -2 + 32b61?
32b5b
In base 2, what is -1111101010 + -1010?
-1111110100
In base 4, what is 11 + -1021023001?
-1021022330
In base 4, what is -13 + -11113012?
-11113031
In base 4, what is 10 + 230131321?
230131331
In base 14, what is -5 + 34617?
34612
In base 8, what is 105473 + -13?
105460
In base 6, what is -1 + -100502?
-100503
In base 3, what is -10010201212120 + 12?
-10010201212101
In base 11, what is -3 - -1786?
1783
In base 11, what is 5 + -1237a?
-12375
In base 7, what is 154 - -1535?
2022
In base 10, what is 10 - 878?
-868
In base 6, what is 10040 - 22?
10014
In base 14, what is 120 + b2?
1d2
In base 15, what is -5c0d - 1?
-5c0e
In base 6, what is 2131430 + -101?
2131325
In base 8, what is 142143 - 1?
142142
In base 14, what is -6788 - -5?
-6783
In base 2, what is -1010110100010010100 + 1011?
-1010110100010001001
In base 7, what is -331 + 3000?
2336
In base 4, what is -10 + 3302332?
3302322
In base 13, what is -4 + 5363?
535c
In base 10, what is -18 + 5084?
5066
In base 5, what is -144300141 - -2?
-144300134
In base 7, what is -4 - -3013314?
3013310
In base 8, what is 13346 + -112?
13234
In base 2, what is 10010011011011101 + -1011?
10010011011010010
In base 7, what is -6326 + -310?
-6636
In base 14, what is 10 + -38d?
-37d
In base 15, what is -a0 - 55?
-105
In base 5, what is 211003 + 2341?
213344
In base 10, what is 17967 - -19?
17986
In base 5, what is 431410 + -331?
431024
In base 7, what is 144 + -2213?
-2036
In base 3, what is -1122021 - -2012220?
120122
In base 12, what is 96b - -b5?
a64
In base 5, what is -224200223 + -4?
-224200232
In base 2, what is -1011 - -1110011011010011?
1110011011001000
In base 13, what is 7ba8 + -3?
7ba5
In base 13, what is 2 + 31ca5?
31ca7
In base 5, what is -111 + 212?
101
In base 16, what is -2 + 198896?
198894
In base 10, what is 52170 - -5?
52175
In base 11, what is -2 + 6a11?
6a0a
In base 9, what is -10 + -46410?
-46420
In base 2, what is -1 - 111010000111?
-111010001000
In base 9, what is -3101 - -1113?
-1877
In base 4, what is 2322221230 - -10?
2322221300
In base 3, what is 12202012200 - -2?
12202012202
In base 6, what is 5 - 152522?
-152513
In base 5, what is -1 - 32232?
-32233
In base 11, what is -145a + -29?
-1488
In base 13, what is 8b - -135?
1c3
In base 4, what is 233130 + 101201?
1000331
In base 14, what is -8 + 37a8?
37a0
In base 7, what is 3524436 + -5?
3524431
In base 9, what is 25053 - 31?
25022
In base 2, what is 101001 - 1011011001101100?
-1011011001000011
In base 4, what is -1312 - 12130?
-20102
In base 13, what is 506 + -a4?
432
In base 3, what is -102 - -121101020?
121100211
In base 14, what is -4a + -3833?
-387d
In base 9, what is 4 + 85488?
85503
In base 16, what is -6 - -fb0d?
fb07
In base 14, what is -83 + 93?
10
In base 14, what is 2380 + -9?
2375
In base 14, what is -7ca - 5c?
-848
In base 4, what is -1013210013 + 3?
-1013210010
In base 15, what is -4 - 1eb6?
-1eba
In base 6, what is 3 - 103513?
-103510
In base 16, what is -92 + 219?
187
In base 15, what is -18 + 3c?
24
In base 4, what is 2101113 - 1201?
2033312
In base 12, what is 4 - -32a8?
32b0
In base 12, what is 32467 - 4?
32463
In base 6, what is -1304212 - 5?
-1304221
In base 13, what is -1 - -29869?
29868
In base 3, what is -102 - -10202?
10100
In base 12, what is 5256 + -6?
5250
In base 14, what is -12 - 1966?
-1978
In base 8, what is 14 + -2400?
-2364
In base 3, what is 222 - 210110000?
-210102001
In base 4, what is -1 + 200210003?
200210002
In base 2, what is -1110111 + 1110100011?
1100101100
In base 4, what is 3220002310 + 10?
3220002320
In base 6, what is 521113 - -11?
521124
In base 5, what is 200003 + 403?
200411
In base 16, what is -2 + -5e89?
-5e8b
In base 9, what is -3077 + -10?
-3087
In base 3, what is -1200 + -10011112?
-10020012
In base 3, what is 2121101 + 12?
2121120
In base 7, what is 233110 + 1?
233111
In base 8, what is -114074 + 2?
-114072
In base 11, what is 825 + 31?
856
In base 14, what is -10ccb + 73?
-10c58
In base 4, what is 2121031110 - 2?
2121031102
In base 10, what is 39 + 2189?
2228
In base 12, what is 1 + -10676?
-10675
In base 14, what is 0 - 171aa4?
-171aa4
In base 16, what is 1 - -6c3d0?
6c3d1
In base 13, what is 198b1 - 2?
198ac
In base 6, what is 1011 - -2?
1013
In base 6, what is -13 + -2541224?
-2541241
In base 13, what is -1653 + -83?
-1706
In base 11, what is -111 - 37a?
-490
In base 8, what is 5 - 1461050?
-1461043
In base 9, what is -2673 - -148?
-2524
In base 15, what is 341e - 1?
341d
In base 11, what is a9349 + 3?
a9351
In base 14, what is 7242b - 5?
72426
In base 8, what is -1 - -1761?
1760
In base 5, what is 14 + 3140240?
3140304
In base 6, what is -42141 + -10?
-42151
In base 6, what is 52 - -12301?
12353
In base 5, what is 0 - 40314400?
-40314400
In base 3, what is -1001120011000 - -20?
-1001120010210
In base 4, what is -1022220 - -21?
-1022133
In base 5, what is -10342 + 11?
-10331
In base 10, what is 340 + -1928?
-1588
In base 2, what is -11 - -10100101001110100?
10100101001110001
In base 7, what is 203050 + -12?
203035
In base 4, what is 1122 - -23022?
30210
In base 11, what is 920 + a64?
1884
In base 9, what is 643146 + -5?
643141
In base 13, what is -3 + -562115?
-562118
In base 8, what is 1674 + -3?
1671
In base 12, what is -681 + -10?
-691
In base 10, what is -47535 - -3?
-47532
In base 11, what is -5596 - -34?
-5562
In base 8, what is 6646 + 2116?
10764
In base 2, what is -101111001111 - -110?
-101111001001
In base 3, what is -2 + 221012201?
221012122
In base 3, what is 1112110 + -100?
1112010
In base 13, what is -29608 - -7?
-29601
In base 15, what is 2 - 4d0a?
-4d08
In base 4, what is 201100 - 101131?
33303
In base 15, what is 61 - -1488?
14e9
In base 12, what is 1605 - b?
15b6
In base 14, what is d + -188b?
-187c
In base 5, what is 1241433 + 20?
1242003
In base 10, what is 1 + 4957?
4958
In base 8, what is -14114037 + -5?
-14114044
In base 4, what is -22302 - -12103?
-10133
In base 14, what is 8cbd8 + -4?
8cbd4
In base 11, what is -58 + 1009?
a61
In base 14, what is -3 - 1470c?
-14711
In base 7, what is 32 + -23313?
-23251
In base 16, what is 7 + 162df?
162e6
In base 3, what is -122100221 + 21011?
-122002210
In base 16, what is -6 - 7b1fb?
-7b201
In base 4, what is -23112 + 131?
-22321
In base 8, what is -432700 - -5?
-432673
In base 5, what is 0 - -1323240?
1323240
In base 4, what is -21011120 - 13?
-21011133
In base 14, what is 404a7 + 2?
404a9
In base 9, what is -740681 + 2?
-740678
In base 15, what is -88 + 17b?
e3
In base 15, what is -24 - 6e28?
-6e4c
In base 7, what is 451 - -10001?
10452
In base 5, what is 2 - -2101?
2103
In base 4, what is -11223 - 301?
-12130
In base 2, what is -100110111 - 10101?
-101001100
In base 11, what is -3a6a + 1a?
-3a50
In base 6, what is -51 + -225445?
-225540
In base 11, what is 287 - 4165?
-3989
In base 15, what is 8 + -118?
-110
In base 4, what is -1103032212 - -2?
-1103032210
In base 15, what is 4c + 45?
92
In base 3, what is 10001001 - -22220?
10100221
In base 2, what is 1001101100 + -10000001100010?
-1110111110110
In base 6, what is 11 + 12343002?
12343013
In base 3, what is 2 + -10102102210?
-10102102201
In base 8, what is -2674 - -21?
-2653
In base 9, what is 6 + 435731?
435737
In base 16, what is 5 - -3edf1?
3edf6
In base 15, what is -5 + 77da?
77d5
In base 8, what is 2 - 3533637?
-3533635
In base 3, what is 11121 - 210?
10211